ate j(-8).
-7
Let o(q) = q**2 - 15*q - 8. What is o(17)?
26
Let a(n) = -n - 60. What is a(-16)?
-44
Let g(h) = -h**3 + 6*h**2 - 5*h + 1. Calculate g(5).
1
Let d(i) = -i**2 - 4*i - 3. Calculate d(-2).
1
Let o(a) = a**2 + 13*a - 31. What is o(-16)?
17
Let a(p) = 7*p**2 + 34*p + 39. What is a(-2)?
-1
Let s(f) = -4*f - 10. Calculate s(5).
-30
Let c(q) = q**3 + 6*q**2 + 2*q + 28. Give c(-6).
16
Let q(r) = -3*r**2 + r + 13. Give q(-4).
-39
Let f(d) = 63*d + 1447. Determine f(-23).
-2
Let o(h) = 3*h + 14. Calculate o(-5).
-1
Let w(b) = -b**2 - 5*b + 33. Determine w(-10).
-17
Let f(x) = 14*x - 76. What is f(6)?
8
Let g(t) = t**3 + 6*t**2 - 29. Calculate g(-6).
-29
Let v(i) = -2*i**2 + 68*i - 10. Give v(34).
-10
Let u(f) = -7*f**2 + 5*f - 8. Determine u(3).
-56
Let o(j) = -j**3 + 8*j**2 - 21*j + 17. Calculate o(4).
-3
Let m(c) = c**2 + 5*c + 2. Determine m(-5).
2
Let b(r) = -r**3 + 38*r**2 - 107*r + 70. Give b(35).
0
Let z(f) = f**2 + 3*f - 14. What is z(7)?
56
Let n(r) = -13*r + 3. What is n(-4)?
55
Let s(z) = -z**3 - 18*z**2 - 19*z - 29. What is s(-17)?
5
Let q(h) = -h**3 - 23*h**2 - 113*h - 27. What is q(-16)?
-11
Let j(l) = 2*l - 18. Give j(4).
-10
Let y(w) = 2*w**2 + 3*w - 3. Determine y(-3).
6
Let d(o) = o**2 - 73*o + 73. Give d(72).
1
Let j(o) = 4*o**3 - 2*o**2 - 6*o + 8. Calculate j(2).
20
Let x(b) = 2*b - 15. Calculate x(-4).
-23
Let s(t) = 2*t**2 - 43*t - 13. Give s(22).
9
Let i(a) = a**2 - 9*a - 18. Determine i(10).
-8
Let p(n) = n**3 + n**2 - 8*n - 14. Calculate p(3).
-2
Let k(h) = 10*h. Determine k(-4).
-40
Let a(f) = -f - 1. Calculate a(-3).
2
Let w(o) = o**2 + 9*o - 25. Determine w(-7).
-39
Let z(d) = -7*d - 4. Give z(-2).
10
Let o(w) = 2*w**2 + 2*w - 4. Give o(-2).
0
Let r(c) = c**2 - c - 72. Calculate r(0).
-72
Let f(m) = -4*m**2 - 48*m - 2. What is f(-12)?
-2
Let l(k) = k**2 + 24*k + 143. Calculate l(-14).
3
Let i(o) = o**3 - 4*o**2 + 17*o - 177. Give i(6).
-3
Let f(k) = -3*k + 46. Calculate f(14).
4
Let j(u) = -u**2 + 3. Give j(0).
3
Let d(o) = o**3 - 8*o**2 + 6*o + 6. Calculate d(7).
-1
Let u(l) = l**3 - 9*l**2 + 2*l - 4. What is u(9)?
14
Let r(y) = -y**3 - 5*y**2 + 6*y + 11. Give r(-6).
11
Let g(r) = 2*r**3 + 10*r**2 + 8*r + 8. What is g(-5)?
-32
Let y(i) = 5*i**3 + 12*i**2 - 22*i + 1. Give y(2).
45
Let h(j) = j**3 - 3*j + 3. What is h(-4)?
-49
Let y(x) = x**2 + 29*x + 84. Calculate y(-26).
6
Let i(g) = g**2 + 3*g - 3. Calculate i(-5).
7
Let x(q) = -9*q**2 - 3*q. Determine x(2).
-42
Let y(s) = 23*s + 10. Determine y(-5).
-105
Let z(n) = 132*n - 254. Give z(2).
10
Let b(c) = c**3 + 4*c**2 + 4*c - 4. Calculate b(-3).
-7
Let i(o) = -o**2 + 43*o - 262. Calculate i(7).
-10
Let q(k) = 11*k**2 + 4*k + 2. What is q(-2)?
38
Let p(b) = 15*b - 184. Give p(12).
-4
Let h(y) = -y**2 - 10*y + 9. Determine h(-10).
9
Let i(x) = 10*x - 25. Calculate i(9).
65
Let a(c) = -7*c + 14. Calculate a(6).
-28
Let t(l) = l**3 - 12*l**2 + 13*l - 6. Calculate t(11).
16
Let q(b) = -b**2 + 12*b + 5. Determine q(12).
5
Let s(b) = -2*b - 17. Give s(-11).
5
Let l(h) = h**3 - 4*h**2 - 3*h + 3. What is l(5)?
13
Let d(c) = c**2 - 4*c - 4. Determine d(7).
17
Let z(l) = -7*l - 169. Give z(-24).
-1
Let c(t) = -t**3 + 20*t**2 - t + 24. Give c(20).
4
Let g(a) = -20*a - 2. Give g(3).
-62
Let i(r) = -r**2 - 8*r + 13. Determine i(-8).
13
Let m(x) = 7*x + 131. Calculate m(-19).
-2
Let b(w) = -5*w**2 - 32*w - 14. Determine b(-6).
-2
Let l(z) = -z**3 + 34*z**2 - z + 50. Calculate l(34).
16
Let b(c) = c**3 + 14*c**2 + 33*c + 4. Calculate b(-11).
4
Let l(i) = -2*i - 13. Determine l(-9).
5
Let m(d) = -d**2 - 37*d - 7. Determine m(-38).
-45
Let n(d) = -d**3 - 3*d**2 + d - 1. Determine n(-4).
11
Let d(l) = 4*l + 46. Determine d(-13).
-6
Let t(y) = y**3 + 4*y**2 - 4*y + 2. Determine t(-5).
-3
Let b(q) = -q - 9. Give b(-9).
0
Let t(o) = -4*o**2 + 28*o - 8. What is t(6)?
16
Let l(i) = -2*i**3 + i**2 - 6*i + 5. Determine l(2).
-19
Let c(z) = 18*z + 1. What is c(-1)?
-17
Let u(l) = -l**3 + 18*l**2 + 2*l - 15. Give u(18).
21
Let k(b) = 4*b - 64. Calculate k(16).
0
Let v(a) = -a**3 + 3*a**2 + a - 2. What is v(3)?
1
Let r(c) = 17*c - 142. What is r(8)?
-6
Let y(o) = -14*o**2 + 5*o + 6. What is y(-2)?
-60
Let m(k) = k**3 + 11*k**2 + 19*k + 22. Determine m(-8).
62
Let q(m) = 2*m**3 - 14*m**2 + 5*m - 8. Determine q(7).
27
Let z(m) = -m**2 + 9*m - 4. What is z(9)?
-4
Let f(o) = 3*o**3 - 9*o**2 + 7*o. Calculate f(2).
2
Let t(n) = n**3 + 3*n**2 - 12*n - 32. Calculate t(-4).
0
Let j(y) = 3*y**3 + 3*y**2 - 14*y + 9. What is j(2)?
17
Let b(v) = -v**2 - 6*v - 38. What is b(-11)?
-93
Let h(x) = -3*x - 15. Give h(6).
-33
Let d(t) = t**3 + 7*t**2 - 24*t - 175. Calculate d(-6).
5
Let n(f) = -4*f - 38. Calculate n(-15).
22
Let r(n) = -n**3 + 8*n**2 - 5*n + 3. Give r(6).
45
Let g(k) = -6*k + 45. What is g(6)?
9
Let o(b) = 3*b**2 + 4*b + 3. Determine o(-2).
7
Let z(o) = o**2 + 42*o + 298. Determine z(-33).
1
Let m(j) = -j**3 + 9*j**2 - 16*j - 1. Give m(5).
19
Let r(b) = -5*b - 2. Calculate r(6).
-32
Let v(a) = 7*a**3 + 2*a**2 + 2*a + 1. Determine v(-1).
-6
Let i(m) = -44*m + 363. Calculate i(8).
11
Let a(o) = -o**3 - 19*o**2 - 19*o - 2. Determine a(-18).
16
Let o(h) = h**3 + 5*h**2 + 22*h + 93. Calculate o(-5).
-17
Let h(q) = -3*q - 28. What is h(-12)?
8
Let o(z) = z**3 + z**2 - 7*z - 10. Determine o(-3).
-7
Let k(l) = -3*l**2 + 17*l + 1. Give k(6).
-5
Let h(t) = -t**2 - 2*t + 12. What is h(0)?
12
Let z(j) = 62*j + 373. Calculate z(-6).
1
Let k(p) = p - 20. Give k(22).
2
Let i(q) = -3*q - 5. Calculate i(-2).
1
Let q(i) = -66*i - 141. Give q(-2).
-9
Let d(b) = b**2 - b. Calculate d(3).
6
Let o(l) = -6*l - 127. Give o(-22).
5
Let w(s) = s**3 + 11*s**2 + 17*s - 30. Determine w(-8).
26
Let s(v) = -2*v**2 + 17*v - 6. What is s(11)?
-61
Let m(d) = d**3 + 6*d**2 + 11*d + 15. Calculate m(-6).
-51
Let b(s) = -2*s**2 + 5*s - 4. Determine b(6).
-46
Let w(z) = -55*z - 280. Determine w(-5).
-5
Let s(t) = -4*t - 6. Determine s(-3).
6
Let x(o) = -2*o**2 - 14*o + 3. Give x(4).
-85
Let m(z) = z**3 + 6*z**2 + 6*z + 1. Determine m(-5).
-4
Let k(r) = 43*r - 220. Give k(5).
-5
Let h(u) = u**2 - 21*u + 17. Calculate h(19).
-21
Let q(l) = -l - 13. Give q(-2).
-11
Let r(p) = -p**3 + 9*p**2 + 5*p - 43. Calculate r(9).
2
Let u(q) = -q**2 + 7*q - 18. Determine u(4).
-6
Let g(j) = -j**3 - 12*j**2 + 15*j + 8. Determine g(-13).
-18
Let d(s) = -s**3 + 9*s**2 - s + 8. Give d(4).
84
Let z(f) = 3*f - 19. Give z(9).
8
Let h(p) = p**2 - 7*p + 3. Give h(4).
-9
Let d(q) = 6*q - 13. Calculate d(3).
5
Let p(s) = -174*s - 1220. Determine p(-7).
-2
Let q(z) = z**3 - 5*z + 3. Calculate q(-3).
-9
Let n(y) = -4*y**2 + y - 6. Determine n(-2).
-24
Let r(f) = -2*f**2 - 4*f + 19. Give r(-4).
3
Let q(z) = 2*z**2 + 6*z + 43. What is q(-8)?
123
Let i(m) = -9*m + 70. Give i(8).
-2
Let u(d) = -3*d**2 - 4*d - 3. What is u(-2)?
-7
Let a(i) = i**2 + 11*i + 28. Calculate a(-7).
0
Let x(r) = -r**3 + 10*r**2 - 15*r + 6. Determine x(8).
14
Let i(t) = -3*t + 14. Give i(-11).
47
Let q(z) = 28*z - 61. What is q(2)?
-5
Let n(z) = -15*z - 88. What is n(-5)?
-13
Let l(n) = n**2 - 6*n - 27. What is l(9)?
0
Let m(i) = i**2 - 2*i + 7. Give m(-5).
42
Let r(h) = -h**2 + 3*h + 25. Calculate r(11).
-63
Let p(k) = 40*k + 1597. What is p(-40)?
-3
Let d(p) = 4*p - 2. Give d(3).
10
Let g(b) = b + 6. Determine g(9).
15
Let m(g) = -3*g**2 + 25*g + 2. Give m(9).
-16
Let p(y) = 2*y**2 - 7*y + 5. What is p(7)?
54
Let l(j) = -j - 25. Calculate l(-17).
-8
Let u(k) = 2*k**3 - 6*k**2 + 5*k - 11. Determine u(3).
4
Let h(r) = -4*r - 10. Give h(3).
-22
Let f(s) = -112*s**2 - 6*s + 4. Give f(1).
-114
Let r(y) = -4*y**2 + 57*y + 38. Calculate r(15).
-7
Let q(h) = 4*h**3 + 2*h + 3. What is q(-1)?
-3
Let a(j) = 4*j - 1. Determine a(-4).
-17
Let p(k) = -2*k**2 - 19*k - 49. Calculate p(-4).
-5
Let f(j) = -30*j + 300. Determine f(10).
0
Let r(f) = -f**3 - 4*f**2 - 7*f - 7. Calculate r(-3).
5
Let i(s) = -2*s**2 + 2*s + 4. Determine i(-6).
-80
Let h(w) = -w**2 - 24*w - 16. What is h(-24)?
-16
Let o(q) = -q**2 - 12*q - 8. Calculate o(-11).
3
Let h(i) = -i**2 + 43*i - 244. Give h(36).
8
Let r(w) = w**3 + 5*w**2 - 5*w - 5. Give r(-4).
31
Let w(m) = -m**3 - 16*m**2 + m - 19. Determine w(-16).
-35
Let t(l) = -l**3 - 13*l**2 + 12*l - 25. Determine t(-14).
3
Let y(z) = z**3 + 12*z**2 + 28*z + 1. Give y(-8).
3